-3*b, -b - 5*f + 8 + 14 = 0. Let k = b - -44. Is k a composite number?
False
Let k(q) = 4*q. Let y be k(2). Suppose y*j - 6*j = 188. Is j prime?
False
Suppose 4*l - 2168 = -5*s - 84, 2*s = 0. Is l prime?
True
Suppose -9 = -4*x + 31. Suppose 3*m - 32 = x. Is m a composite number?
True
Let b(y) = 307*y**2 + 3*y + 1. Is b(-1) prime?
False
Suppose -12*l + 10*l + 3262 = 0. Is l a prime number?
False
Suppose -5*b = -44 - 471. Is b a composite number?
False
Let f(b) = b**2 + 5*b + 3. Is f(-10) prime?
True
Let q(s) = -9*s - 19. Is q(-8) prime?
True
Suppose 4*s + 4*q = 2040, -5*q = -4*s + 767 + 1282. Is s prime?
False
Let k(w) = 2*w**2 - 7. Let q be k(-7). Let o = 200 - q. Is o composite?
False
Suppose -2627 = -3*z + i, 2*i - 4*i = -8. Is z a composite number?
False
Is (4/18)/(12/(-18))*-3123 a prime number?
False
Let j(h) = 164*h**3 - h**2. Is j(1) prime?
True
Let z(f) = -f**3 + 3*f - 3. Let d be (-172)/6 + 2/3. Let l be d/12 - (-4)/(-6). Is z(l) a prime number?
False
Let t(f) = 2*f + 1. Let x be t(1). Suppose 0 = x*q - 6 - 9. Suppose -o = -4*p - q*o + 120, -5*p - o = -134. Is p composite?
True
Let m(n) = n**2 - n - 1. Let l(w) = w**3 + 24*w**2 + 5*w - 2. Let r(h) = l(h) - 5*m(h). Is r(-13) a composite number?
False
Let o be -4*(-1 + 2 - 14). Suppose -2*m + o = 2*m. Is m prime?
True
Suppose 3 = 2*w - 3*w, 0 = 2*y + w - 45. Let u = 15 - y. Is (-10)/(-45) + (-187)/u prime?
False
Suppose -8*o + 343 = -81. Is o prime?
True
Let q(i) = 13*i. Let w = 3 + -1. Is q(w) a prime number?
False
Let r = 0 - -12. Suppose 0 = -4*s + r, 0*j = -3*j - 2*s + 108. Is j a prime number?
False
Let h = 12 + -14. Let x(z) = -8*z - 2. Is x(h) a composite number?
True
Is -5*(12/(-3) + -7) a composite number?
True
Suppose 5*w = 121 + 139. Suppose 3*k + 23 = 7*k - 3*q, 5*k - 29 = 4*q. Let o = w - k. Is o a prime number?
True
Suppose r + 2 = 2*r. Is 1*(-59)/(-2)*r composite?
False
Let a(g) = g + 61. Let i be a(0). Let h = 94 - i. Suppose f - 50 = h. Is f prime?
True
Let l(y) be the second derivative of y**5/20 + 3*y**4/4 - y**3/2 - 11*y**2/2 - y. Is l(-8) prime?
False
Suppose -5*i + 2*y - 6*y + 1963 = 0, -2*i = -5*y - 772. Is i a composite number?
True
Suppose 3*p - 12 = -p. Suppose 0*d + 12 = p*d. Suppose -2*t = -m + 27, 0*m = -3*m - d*t + 41. Is m a composite number?
False
Is 6/(-4)*-4*1324/8 a composite number?
True
Let g be 4/(-8)*(-1 - -1). Suppose t = 4, g*t + 3*t + 284 = 4*w. Is (6/(-3))/((-4)/w) prime?
True
Let t(k) = 2*k**2 + 6*k + 10. Let h = -27 - -36. Is t(h) composite?
True
Let x(d) = 4*d**2 - d - 1. Let c be x(-1). Suppose c*i = 8*i - 3*j - 226, i + 5*j - 68 = 0. Is i composite?
True
Let a(r) = r**3 + 12*r**2 - 3*r - 1. Suppose -9 = 2*n - n. Is a(n) composite?
False
Let a = -418 + 629. Is a composite?
False
Suppose -4*q + 2*q + 2806 = 0. Is q a composite number?
True
Suppose 9*s - 260 = 5*s. Is s composite?
True
Let h = 7 + -3. Suppose 2*d + 29 = y - 3*d, -2*d = h. Is y composite?
False
Is 4548/36 - (-4)/6 a prime number?
True
Suppose q = -b + 77, 6*q - 2*q = -b + 314. Is q prime?
True
Let w(t) = 2*t**3 + 9*t**2 - 12*t - 10. Let p(x) = 4*x**3 + 17*x**2 - 23*x - 19. Let k(u) = 6*p(u) - 11*w(u). Let f be k(5). Let a = f + -196. Is a prime?
False
Is (-36)/(-48) + 15169/4 a composite number?
False
Suppose -3*l = 6, 4*d - 3*l - 218 = -4*l. Let a = d + -107. Let v = 105 - a. Is v composite?
False
Suppose -c + 4*k + 51 = -k, 3*k - 112 = -4*c. Is c a composite number?
False
Let y be 2/(-6) + 20/6. Let k(g) = -g**y + 0*g**2 + 7*g + 6*g**2 - 4 - 1. Is k(6) a composite number?
False
Is 2790/22 - 4/(-22) composite?
False
Let l(k) = -9*k**2 - 3*k**3 + 4*k**3 - 2 + 11*k - 8. Is l(8) prime?
False
Let c(k) = -16*k + 6. Let b(w) = -17*w + 6. Let j(g) = 5*b(g) - 4*c(g). Let s(z) = -4*z + 3. Let u be s(2). Is j(u) a composite number?
True
Suppose -404 = -2*i + 154. Suppose -5*j - i = -0*y - 2*y, 234 = 2*y + 4*j. Is y a prime number?
True
Let z(v) be the third derivative of -v**4/6 + v**3 - 2*v**2. Let j be z(-6). Suppose -3*u + 30 = 3*f, -4*f = -f + 4*u - j. Is f a prime number?
False
Let b(n) = n**2 + 5*n + 2. Let v be b(-5). Suppose 3*f + 363 = v*h, -1 + 3 = 2*f. Is h a composite number?
True
Let g(w) = w**3 + w**2 - 3*w - 3. Let z be g(-2). Let m be (0 - 1) + (-10 - z). Is (88/m)/2*-5 prime?
False
Let p(s) = -3*s + 4*s - 2*s + 1. Let l be p(-3). Is l/16 + (-99)/(-4) prime?
False
Let n = -269 + 600. Is n prime?
True
Suppose 2*m + 4 = 6. Is 7 + 253 + (4 - m) a composite number?
False
Let m(g) = -636*g - 5. Is m(-2) prime?
False
Let n(o) = 10*o**2 + 3*o - 2. Let b be 10/(-35) - 19/7. Is n(b) a composite number?
False
Let a(f) = -f**2 - 12*f + 13. Let d = -7 - -13. Let o be (-62)/6 + 2/d. Is a(o) composite?
True
Suppose -5*s + 2 = -5*a - 3, 3*a = -3*s + 15. Suppose a*o - 3 = -x, 7*x - 5*o - 64 = 3*x. Is x a prime number?
True
Is (26 + 5)*(0 - -1) composite?
False
Let n = 101 + -201. Is -1 - (n - (-3 - -1)) a prime number?
True
Suppose -3*t = -f + 161, t - 2*t - 157 = -f. Suppose h + 45 - 135 = 5*o, 2*h = 5*o + f. Is h a composite number?
True
Let o be 3 - (-3 + -1)/(-2). Suppose o = -y, 2*j - 235 + 64 = y. Is j a prime number?
False
Let k = -3 + 6. Let r = k - -7. Is r a composite number?
True
Let p = 1 - -11. Suppose 4*y - 41 = r, -r = y - 0*r - 4. Let c = y + p. Is c composite?
True
Let b(w) be the first derivative of w**6/120 + w**5/120 + w**4/24 + w**3/3 - 2. Let f(x) be the third derivative of b(x). Is f(2) composite?
True
Let x = 408 - 274. Is x a composite number?
True
Let k(j) = j**2 - j + 5. Let w be k(0). Suppose -w*z - 6 = 4, -256 = -2*c + z. Is c a composite number?
False
Let m(a) be the second derivative of -2*a**3/3 + a**2/2 + a. Let p be 2/4*-10*1. Is m(p) a prime number?
False
Suppose 0 = 6*i - 3*i - 3. Let j(r) = 21*r + 1 + 10*r + 17*r. Is j(i) a composite number?
True
Let u = 9 + -5. Suppose -126 = -5*q - b, 3*q = -q - u*b + 88. Is q a composite number?
True
Is (45/42 + (-20)/35)*206 a prime number?
True
Suppose 2*p - 28 - 66 = 0. Suppose 291 + p = 2*u. Is u prime?
False
Suppose 3914 = -5*n + 10489. Suppose n = 4*v + v. Is v a composite number?
False
Let m(g) = -98*g - 3. Let y be m(-5). Let f = 90 + 66. Let o = y - f. Is o composite?
False
Let o be -2 - (-5)/((-5)/6). Let a = -5 - o. Suppose 3*x - 14 - 7 = -a*y, -15 = -y + x. Is y a composite number?
False
Let z = -2440 + 4371. Is z a composite number?
False
Suppose 5*u = -2*h + 6*u + 12, 24 = 4*h - 3*u. Suppose -h*s + 4*s + 678 = 0. Is s a composite number?
True
Suppose -2*u + 15 = -191. Is u a prime number?
True
Suppose 4*v - 5*q - 21 = -0*q, -4*q - 16 = -3*v. Suppose 2*p = v*s - 178, 0*s - 4*s - 2*p = -166. Is s a prime number?
True
Let h(k) = -k**3 - 13*k**2 + k + 10. Let c be h(-13). Is -93*1/(9/c) composite?
False
Let p(o) be the second derivative of -o**4/12 + o**3 + o. Let g be p(6). Suppose g = -y + 3*y - 106. Is y a composite number?
False
Let x(z) = 3*z**2 + 3*z - 13. Let a be x(-11). Let v = a - 58. Is v a prime number?
False
Suppose 2*m + 2*z = 730, -4*m + m - 5*z + 1091 = 0. Is m a composite number?
False
Let z(d) = d**3 + 24*d**2 + 9*d + 30. Is z(-16) prime?
False
Let b = -187 + 870. Is b a composite number?
False
Suppose 45 = -0*t + t. Suppose -5*m + 2*n + t = 0, 0 = m + 3*m + 5*n - 36. Is m composite?
True
Is 9 - 10 - (-3644)/2 prime?
False
Let j be 3/((-18)/(-4))*114. Let s = 143 - j. Is s prime?
True
Let b(x) = -3*x**3 - 9*x**2 + 4*x - 3. Is b(-7) composite?
False
Let h(n) = -61*n - 4. Is h(-5) a composite number?
True
Let u(z) = -29*z + 1. Is u(-2) prime?
True
Let b(l) = 0 + 0 + 2 + 3 - 15*l. Is b(-6) prime?
False
Let a(v) = 62*v + 1. Let o be a(5). Suppose 0 = 5*t + o - 2386. Is t a composite number?
True
Let o be (-2)/(-6) + 35/21. Suppose o*j + 94 = 4*j. Is j prime?
True
Let d(h) = -11*h**3 - 2*h**2 + 2*h - 5. Let z(t) = -11*t**3 - 2*t**2 + 2*t - 4. Suppose 3*s = -10 - 5. Let n(q) = s*d(q) + 6*z(q). Is n(-2) composite?
True
Let i = 88 - 44. Suppose -3*x + 3 = 5*m, 0 = -m - 4*m + 3*x + 27. Suppose -v - m*v = -i. Is v a composite number?
False
Is (-15)/35 - (-7748)/14 composite?
True
Suppose -1455 = 24*w - 27*w. Is w prime?
False
Let j = -1085 + 421. Is j/(-3) - 5/15 a prime number?
False
Suppose -2*g + 3*g - 1 = 3*a, a = 3*g - 11. Suppose x = -5*s + 158, 5*x - 45 - 94 = -g*s. Is s a composite 